f 55 and 2915.
55
What is the greatest common factor of 16 and 316?
4
Calculate the greatest common divisor of 469 and 35.
7
What is the greatest common factor of 2499 and 204?
51
Calculate the highest common divisor of 216 and 30.
6
Calculate the greatest common divisor of 696 and 8.
8
Calculate the highest common factor of 1066 and 82.
82
Calculate the highest common factor of 8280 and 324.
36
What is the highest common divisor of 10166 and 663?
221
Calculate the highest common divisor of 3375 and 500.
125
Calculate the highest common divisor of 14 and 42.
14
What is the highest common factor of 904 and 16?
8
Calculate the highest common divisor of 458 and 6.
2
Calculate the greatest common factor of 282 and 6.
6
Calculate the highest common divisor of 3618 and 134.
134
What is the greatest common divisor of 1177 and 275?
11
What is the greatest common divisor of 9 and 2151?
9
Calculate the highest common factor of 154 and 44.
22
Calculate the greatest common divisor of 525 and 42.
21
What is the greatest common factor of 69 and 552?
69
What is the highest common divisor of 19410 and 30?
30
What is the greatest common factor of 3303 and 72?
9
Calculate the greatest common divisor of 5986 and 164.
82
What is the highest common factor of 60 and 5050?
10
What is the highest common divisor of 12 and 8?
4
What is the highest common divisor of 4797 and 156?
39
Calculate the highest common factor of 268 and 72092.
268
Calculate the greatest common divisor of 143 and 440.
11
What is the highest common divisor of 24 and 56?
8
What is the greatest common divisor of 10 and 1455?
5
Calculate the highest common divisor of 42 and 168.
42
Calculate the greatest common divisor of 288 and 360.
72
What is the highest common divisor of 9 and 2187?
9
Calculate the highest common divisor of 1 and 523.
1
What is the greatest common factor of 67151 and 181?
181
What is the highest common divisor of 10547 and 53?
53
Calculate the greatest common factor of 36 and 3708.
36
Calculate the greatest common factor of 8120 and 8.
8
Calculate the highest common factor of 236 and 11564.
236
Calculate the greatest common factor of 297 and 333.
9
Calculate the highest common divisor of 117 and 675.
9
What is the highest common divisor of 153 and 867?
51
Calculate the highest common factor of 1044 and 580.
116
Calculate the greatest common divisor of 26 and 286.
26
Calculate the highest common divisor of 61 and 3904.
61
Calculate the highest common factor of 17 and 68.
17
Calculate the greatest common factor of 32 and 220.
4
What is the greatest common divisor of 10 and 1030?
10
Calculate the greatest common divisor of 175 and 200.
25
What is the highest common divisor of 418 and 220?
22
What is the highest common factor of 1515 and 1717?
101
Calculate the greatest common divisor of 1683 and 33.
33
Calculate the highest common divisor of 1942 and 1.
1
What is the greatest common divisor of 90 and 432?
18
What is the highest common factor of 1750 and 10?
10
What is the greatest common divisor of 75 and 6495?
15
What is the greatest common factor of 81 and 1269?
27
Calculate the greatest common divisor of 290 and 20.
10
Calculate the greatest common factor of 188 and 2444.
188
What is the greatest common factor of 7969 and 104?
13
Calculate the greatest common factor of 8536 and 194.
194
Calculate the greatest common divisor of 184 and 328.
8
Calculate the greatest common divisor of 67 and 268.
67
Calculate the greatest common factor of 962 and 370.
74
What is the highest common divisor of 308 and 1386?
154
Calculate the highest common divisor of 22 and 451.
11
Calculate the greatest common divisor of 310 and 10.
10
What is the highest common divisor of 204 and 1360?
68
What is the greatest common divisor of 36 and 1572?
12
What is the greatest common divisor of 17 and 2?
1
Calculate the greatest common divisor of 880 and 1232.
176
What is the highest common factor of 124 and 310?
62
What is the greatest common divisor of 310 and 30?
10
What is the greatest common factor of 18 and 369?
9
What is the greatest common divisor of 51 and 1054?
17
Calculate the highest common divisor of 25 and 1075.
25
Calculate the greatest common factor of 30 and 510.
30
Calculate the greatest common factor of 3 and 309.
3
What is the highest common factor of 1 and 42?
1
Calculate the greatest common factor of 51 and 425.
17
What is the highest common factor of 1 and 937?
1
What is the highest common divisor of 3424 and 32?
32
Calculate the highest common divisor of 282 and 624.
6
Calculate the highest common divisor of 6 and 7842.
6
What is the highest common factor of 19 and 5?
1
Calculate the greatest common divisor of 2698 and 475.
19
Calculate the highest common divisor of 336 and 420.
84
What is the greatest common divisor of 8 and 383?
1
What is the highest common factor of 98 and 49?
49
Calculate the greatest common divisor of 24 and 2892.
12
What is the greatest common factor of 12 and 372?
12
Calculate the highest common factor of 374 and 66.
22
Calculate the greatest common divisor of 2627 and 568.
71
What is the highest common factor of 65 and 1335?
5
What is the greatest common divisor of 57 and 114?
57
Calculate the greatest common factor of 384 and 672.
96
Calculate the greatest common factor of 21 and 203.
7
Calculate the greatest common divisor of 549 and 61.
61
What is the highest common factor of 7 and 25?
1
Calculate the greatest common divisor of 13175 and 93.
31
What is the highest common divisor of 215 and 5?
5
Calculate the highest common divisor of 810 and 4410.
90
What is the highest common divisor of 11 and 83?
1
Calculate the highest common divisor of 297 and 55.
11
What is the greatest common factor of 56 and 616?
56
What is the greatest common factor of 1712 and 107?
107
What is the greatest common factor of 204 and 276?
12
Calculate the highest common factor of 232 and 2349.
29
What is the highest common factor of 48 and 18?
6
Calculate the highest common divisor of 188 and 14.
2
What is the greatest common factor of 6152 and 24?
8
Calculate the highest common divisor of 666 and 592.
74
Calculate the highest common divisor of 2 and 98.
2
What is the highest common divisor of 188 and 45026?
94
What is the highest common divisor of 14 and 266?
14
What is the highest common factor of 35 and 185?
5
Calculate the highest common divisor of 99 and 63.
9
Calculate the greatest common divisor of 182 and 312.
26
Calculate the highest common factor of 35 and 385.
35
Calculate the greatest common divisor of 2758 and 14.
14
Calculate the highest common divisor of 16 and 44.
4
What is the highest common divisor of 8322 and 19?
19
What is the greatest common factor of 155 and 6541?
31
Calculate the greatest common divisor of 54 and 114.
6
Calculate the highest common divisor of 19236 and 14.
14
Calculate the greatest common factor of 352 and 22.
22
Calculate the greatest common factor of 741 and 912.
57
What is the highest common factor of 1804 and 1066?
82
Calculate the highest common divisor of 287 and 2501.
41
Calculate the greatest common factor of 28 and 448.
28
Calculate the highest common factor of 2780 and 140.
20
Calculate the greatest common factor of 115 and 1771.
23
What is the greatest common factor of 46 and 253?
23
What is the highest common divisor of 384 and 816?
48
What is the greatest common factor of 118 and 413?
59
What is the highest common divisor of 445 and 35?
5
What is the highest common divisor of 6205 and 949?
73
Calculate the highest common divisor of 1320 and 720.
120
What is the highest common divisor of 775 and 93?
31
Calculate the highest common divisor of 121 and 70906.
121
What is the greatest common divisor of 60 and 3540?
60
What is the highest common divisor of 5752 and 8?
8
Calculate the greatest common factor of 14 and 238.
14
Calculate the greatest common divisor of 540 and 378.
54
What is the greatest common factor of 23 and 12167?
23
Calculate the highest common factor of 174 and 13398.
174
What is the highest common divisor of 2296 and 616?
56
What is the highest common divisor of 527 and 425?
17
Calculate the greatest common factor of 2376 and 11.
11
Calculate the greatest common divisor of 3186 and 594.
54
Calculate the greatest commo